d by 16?
10
Calculate the remainder when 81 is divided by 30.
21
What is the remainder when 438 is divided by 22?
20
Calculate the remainder when 98 is divided by 37.
24
What is the remainder when 30337 is divided by 205?
202
What is the remainder when 809 is divided by 139?
114
What is the remainder when 149 is divided by 21?
2
What is the remainder when 876 is divided by 38?
2
What is the remainder when 2376 is divided by 92?
76
Calculate the remainder when 2542 is divided by 102.
94
Calculate the remainder when 44 is divided by 30.
14
Calculate the remainder when 305 is divided by 51.
50
Calculate the remainder when 523 is divided by 33.
28
What is the remainder when 205 is divided by 18?
7
What is the remainder when 10 is divided by 7?
3
Calculate the remainder when 1389 is divided by 458.
15
Calculate the remainder when 717 is divided by 80.
77
What is the remainder when 93 is divided by 22?
5
Calculate the remainder when 445 is divided by 16.
13
What is the remainder when 590 is divided by 95?
20
What is the remainder when 67 is divided by 40?
27
What is the remainder when 107 is divided by 19?
12
Calculate the remainder when 115 is divided by 29.
28
Calculate the remainder when 58 is divided by 24.
10
Calculate the remainder when 57 is divided by 20.
17
Calculate the remainder when 75 is divided by 39.
36
Calculate the remainder when 331 is divided by 56.
51
Calculate the remainder when 284 is divided by 36.
32
What is the remainder when 498 is divided by 153?
39
Calculate the remainder when 218 is divided by 77.
64
Calculate the remainder when 949 is divided by 56.
53
What is the remainder when 214 is divided by 58?
40
What is the remainder when 1836 is divided by 114?
12
What is the remainder when 774 is divided by 37?
34
What is the remainder when 1282 is divided by 6?
4
What is the remainder when 2695 is divided by 670?
15
What is the remainder when 733 is divided by 92?
89
Calculate the remainder when 125 is divided by 27.
17
What is the remainder when 33 is divided by 8?
1
What is the remainder when 2190 is divided by 109?
10
Calculate the remainder when 249 is divided by 12.
9
What is the remainder when 1423 is divided by 68?
63
Calculate the remainder when 12 is divided by 9.
3
Calculate the remainder when 32 is divided by 18.
14
Calculate the remainder when 2876 is divided by 47.
9
What is the remainder when 503 is divided by 116?
39
Calculate the remainder when 509 is divided by 128.
125
Calculate the remainder when 110 is divided by 51.
8
Calculate the remainder when 225 is divided by 80.
65
Calculate the remainder when 314 is divided by 105.
104
Calculate the remainder when 38 is divided by 17.
4
Calculate the remainder when 343 is divided by 32.
23
What is the remainder when 136 is divided by 25?
11
Calculate the remainder when 2180 is divided by 13.
9
Calculate the remainder when 1223 is divided by 6.
5
Calculate the remainder when 31 is divided by 17.
14
Calculate the remainder when 36 is divided by 13.
10
Calculate the remainder when 492 is divided by 24.
12
What is the remainder when 507 is divided by 17?
14
Calculate the remainder when 299 is divided by 20.
19
Calculate the remainder when 1031 is divided by 14.
9
What is the remainder when 1090 is divided by 220?
210
Calculate the remainder when 959 is divided by 31.
29
What is the remainder when 62 is divided by 32?
30
What is the remainder when 2578 is divided by 43?
41
What is the remainder when 5403 is divided by 14?
13
What is the remainder when 558 is divided by 17?
14
What is the remainder when 14741 is divided by 18?
17
What is the remainder when 494 is divided by 28?
18
What is the remainder when 9 is divided by 5?
4
What is the remainder when 2477 is divided by 40?
37
What is the remainder when 661 is divided by 109?
7
Calculate the remainder when 212 is divided by 148.
64
What is the remainder when 250 is divided by 42?
40
What is the remainder when 807 is divided by 368?
71
Calculate the remainder when 359 is divided by 113.
20
What is the remainder when 1247 is divided by 39?
38
What is the remainder when 1288 is divided by 15?
13
Calculate the remainder when 429 is divided by 12.
9
Calculate the remainder when 6858 is divided by 63.
54
Calculate the remainder when 280 is divided by 16.
8
What is the remainder when 307 is divided by 15?
7
What is the remainder when 159 is divided by 70?
19
Calculate the remainder when 557 is divided by 40.
37
Calculate the remainder when 244 is divided by 36.
28
What is the remainder when 137 is divided by 3?
2
What is the remainder when 4029 is divided by 36?
33
Calculate the remainder when 11530 is divided by 12.
10
Calculate the remainder when 614 is divided by 140.
54
What is the remainder when 507 is divided by 268?
239
Calculate the remainder when 262 is divided by 50.
12
What is the remainder when 140 is divided by 37?
29
What is the remainder when 796 is divided by 22?
4
What is the remainder when 1325 is divided by 74?
67
What is the remainder when 1102 is divided by 41?
36
What is the remainder when 3198 is divided by 85?
53
What is the remainder when 113 is divided by 41?
31
Calculate the remainder when 123 is divided by 61.
1
Calculate the remainder when 107 is divided by 66.
41
Calculate the remainder when 15538 is divided by 70.
68
Calculate the remainder when 1415 is divided by 234.
11
Calculate the remainder when 103 is divided by 7.
5
Calculate the remainder when 178 is divided by 63.
52
What is the remainder when 215 is divided by 13?
7
What is the remainder when 582 is divided by 16?
6
Calculate the remainder when 2911 is divided by 161.
13
Calculate the remainder when 504 is divided by 57.
48
What is the remainder when 818 is divided by 9?
8
What is the remainder when 675 is divided by 17?
12
Calculate the remainder when 307 is divided by 29.
17
Calculate the remainder when 211 is divided by 12.
7
What is the remainder when 164 is divided by 25?
14
What is the remainder when 849 is divided by 81?
39
What is the remainder when 265 is divided by 39?
31
Calculate the remainder when 12443 is divided by 68.
67
What is the remainder when 215 is divided by 24?
23
What is the remainder when 322 is divided by 65?
62
Calculate the remainder when 1142 is divided by 39.
11
Calculate the remainder when 937 is divided by 218.
65
What is the remainder when 3284 is divided by 45?
44
What is the remainder when 53 is divided by 41?
12
What is the remainder when 569 is divided by 145?
134
What is the remainder when 458 is divided by 154?
150
What is the remainder when 66 is divided by 46?
20
Calculate the remainder when 764 is divided by 111.
98
What is the remainder when 585 is divided by 152?
129
Calculate the remainder when 79687 is divided by 65.
62
What is the remainder when 486 is divided by 246?
240
What is the remainder when 130 is divided by 24?
10
Calculate the remainder when 173 is divided by 12.
5
Calculate the remainder when 20 is divided by 15.
5
Calculate the remainder when 1504 is divided by 15.
4
What is the remainder when 128 is divided by 5?
3
Calculate the remainder when 69 is divided by 19.
12
Calculate the remainder when 208 is divided by 18.
10
Calculate the remainder when 889 is divided by 33.
31
Calculate the remainder when 377 is divided by 92.
9
Calculate the remainder when 805 is divided by 81.
76
What is the remainder when 136 is divided by 95?
41
Calculate the remainder when 279 is divided by 72.
63
What is the remainder when 11401 is divided by 52?
13
Calculate the remainder when 593 is divided by 587.
6
What is the remainder when 92 is divided by 25?
17
What is the remainder when 235 is divided by 60?
55
What is the remainder when 318 is divided by 14?
10
Calculate the remainder when 14409 is divided by 110.
109
What is the remainder when 305 is divided by 79?
68
What is the remainder when 327 is divided by 41?
40
Calculate the remainder when 18269 is divided by 210.
209
What is the remainder when 565 is divided by 8?
5
What is the remainder when 1824 is divided by 299?
30
What is the remainder when 228 is divided by 34?
24
Calculate the remainder when 335 is divided by 7.
6
What is the remainder when 1086 is divided by 33?
30
Calculate the remainder when 597 is divided by 3.
0
Calcula